5?
5
What is the hundred thousands digit of 1621567?
6
What is the hundreds digit of 21340858?
8
What is the ten thousands digit of 788896?
8
What is the tens digit of 110977?
7
What is the tens digit of 768157?
5
What is the millions digit of 10354167?
0
What is the thousands digit of 911925?
1
What is the ten thousands digit of 977481?
7
What is the thousands digit of 475724?
5
What is the millions digit of 4860573?
4
What is the thousands digit of 602786?
2
What is the units digit of 444085?
5
What is the hundred thousands digit of 22307192?
3
What is the thousands digit of 1362754?
2
What is the units digit of 130296?
6
What is the hundreds digit of 629940?
9
What is the tens digit of 1394420?
2
What is the units digit of 6467950?
0
What is the thousands digit of 8316635?
6
What is the units digit of 2609679?
9
What is the hundreds digit of 27730?
7
What is the hundred thousands digit of 246457?
2
What is the units digit of 3840580?
0
What is the tens digit of 1357062?
6
What is the millions digit of 4664586?
4
What is the units digit of 385095?
5
What is the millions digit of 5787075?
5
What is the ten millions digit of 22473688?
2
What is the tens digit of 400058?
5
What is the hundred thousands digit of 215794?
2
What is the millions digit of 2297135?
2
What is the tens digit of 589093?
9
What is the hundred thousands digit of 271086?
2
What is the thousands digit of 1290328?
0
What is the thousands digit of 1266434?
6
What is the hundreds digit of 139290?
2
What is the units digit of 4884916?
6
What is the tens digit of 333327?
2
What is the ten millions digit of 15545762?
1
What is the ten millions digit of 17559656?
1
What is the hundreds digit of 329515?
5
What is the thousands digit of 1078865?
8
What is the hundreds digit of 2677733?
7
What is the units digit of 1318795?
5
What is the units digit of 2747480?
0
What is the units digit of 9877356?
6
What is the tens digit of 110963?
6
What is the millions digit of 5125715?
5
What is the hundreds digit of 6463794?
7
What is the units digit of 577920?
0
What is the thousands digit of 38132244?
2
What is the units digit of 1538846?
6
What is the units digit of 385057?
7
What is the hundred thousands digit of 694001?
6
What is the ten thousands digit of 23799921?
9
What is the ten thousands digit of 1352566?
5
What is the millions digit of 10745473?
0
What is the units digit of 8853367?
7
What is the hundred thousands digit of 1819652?
8
What is the tens digit of 359143?
4
What is the hundred thousands digit of 13209958?
2
What is the hundred thousands digit of 131145?
1
What is the hundreds digit of 1960349?
3
What is the hundreds digit of 139030?
0
What is the thousands digit of 100834?
0
What is the tens digit of 176261?
6
What is the hundred thousands digit of 375937?
3
What is the millions digit of 3670883?
3
What is the ten thousands digit of 402600?
0
What is the ten millions digit of 13935164?
1
What is the thousands digit of 12397282?
7
What is the thousands digit of 675167?
5
What is the units digit of 4438380?
0
What is the hundred thousands digit of 226572?
2
What is the hundred thousands digit of 452372?
4
What is the hundreds digit of 339229?
2
What is the thousands digit of 203113?
3
What is the hundred thousands digit of 3077942?
0
What is the hundred thousands digit of 157118?
1
What is the hundred thousands digit of 658376?
6
What is the units digit of 161612?
2
What is the tens digit of 2565597?
9
What is the thousands digit of 24158309?
8
What is the millions digit of 6313942?
6
What is the tens digit of 159292?
9
What is the tens digit of 3796698?
9
What is the millions digit of 3606107?
3
What is the thousands digit of 776469?
6
What is the hundred thousands digit of 8412680?
4
What is the ten thousands digit of 3023314?
2
What is the units digit of 288301?
1
What is the ten thousands digit of 1773987?
7
What is the hundreds digit of 2717?
7
What is the hundreds digit of 2602601?
6
What is the tens digit of 201679?
7
What is the hundreds digit of 184717?
7
What is the tens digit of 571599?
9
What is the hundred thousands digit of 112600?
1
What is the units digit of 1704606?
6
What is the millions digit of 5711073?
5
What is the ten thousands digit of 962106?
6
What is the hundred thousands digit of 6731205?
7
What is the hundreds digit of 496544?
5
What is the units digit of 2145430?
0
What is the hundreds digit of 205129?
1
What is the hundred thousands digit of 449671?
4
What is the tens digit of 194124?
2
What is the hundreds digit of 345567?
5
What is the thousands digit of 3157161?
7
What is the millions digit of 1744251?
1
What is the hundred thousands digit of 1951063?
9
What is the tens digit of 29760?
6
What is the thousands digit of 2452085?
2
What is the ten millions digit of 15039455?
1
What is the tens digit of 453109?
0
What is the hundred thousands digit of 879634?
8
What is the tens digit of 7516065?
6
What is the thousands digit of 4010983?
0
What is the ten thousands digit of 3445542?
4
What is the thousands digit of 178154?
8
What is the thousands digit of 615981?
5
What is the units digit of 137271?
1
What is the tens digit of 919391?
9
What is the thousands digit of 1036591?
6
What is the units digit of 2806216?
6
What is the tens digit of 456707?
0
What is the hundreds digit of 308398?
3
What is the ten thousands digit of 147796?
4
What is the thousands digit of 36825?
6
What is the ten thousands digit of 1542560?
4
What is the ten thousands digit of 294311?
9
What is the units digit of 71443?
3
What is the millions digit of 2719745?
2
What is the hundred thousands digit of 6139227?
1
What is the units digit of 1644923?
3
What is the ten thousands digit of 5601745?
0
What is the thousands digit of 10949378?
9
What is the ten thousands digit of 69998?
6
What is the units digit of 783243?
3
What is the tens digit of 391184?
8
What is the ten thousands digit of 2642002?
4
What is the thousands digit of 12450?
2
What is the units digit of 12903615?
5
What is the hundred thousands digit of 100837?
1
What is the thousands digit of 8469300?
9
What is the units digit of 278696?
6
What is the ten millions digit of 27109139?
2
What is the units digit of 5951002?
2
What is the units digit of 36220?
0
What is the hundreds digit of 219897?
8
What is the hundred thousands digit of 397008?
3
What is the millions digit of 9718315?
9
What is the ten thousands digit of 1965678?
6
What is the ten thousands digit of 298945?
9
What is the units digit of 7451767?
7
What is the millions digit of 34149651?
4
What is the tens digit of 5430404?
0
What is the hundred thousands digit of 1321482?
3
What is the ten thousands digit of 632606?
3
What is the thousands digit of 53877?
3
What is the tens digit of 95070?
7
What is the hundred thousands digit of 6284574?
2
What is the hundreds digit of 4687552?
5
What is the millions digit of 2142439?
2
What is the ten thousands digit of 432646?
3
What is the tens digit of 626546?
4
What is the millions digit of 2546503?
2
What is the units digit of 1374404?
4
What is the hundreds digit of 2993022?
0
What is the tens digit of 2800799?
9
What is the tens digit of 1587?
8
What is the ten thousands digit of 2434354?
3
What is the hundreds digit of 63194?
1
What is the tens digit of 883680?
8
What is the ten thousands digit of 97735?
9
What is the ten thousands digit of 1075276?
7
What is the ten thousands digit of 1829845?
2
What is the units digit of 8816738?
8
What is the hundred thousands digit of 1450776?
4
What is the tens digit of 2764335?
3
What is the ten thousands digit of 59162?
5
What is the ten thousands digit of 17568416?
6
What is the hundreds digit of 316716?
7
What is the units digit of 36268?
8
What is the ten thousands digit of 703023?
0
What is the ten thousands digit of 448360?
4
What is the thousands digit of 31829805?
9
What is the hundred thousands digit of 162525?
1
What is the tens digit of 421937?
3
What is the units digit of 224622?
2
What is the millions digit of 1189580?
1
What is the hundred thousands digit of 170928?
1
What is the tens digit of 221204?
0
What is the hundred thousands digit of 2425113?
4
What is the ten millions digit of 15400166?
1
What is the thousands digit of 21017021?
7
What 